11 a prime number?
False
Is 1003582991 prime?
True
Is 1424819197 composite?
True
Is 22525145509 a composite number?
True
Is 16044303773 a composite number?
True
Is 94648909433 a composite number?
True
Is 1041575651 composite?
False
Is 4098626663 prime?
True
Is 4119144407 a composite number?
True
Is 258547507 a composite number?
False
Is 1421991577 a prime number?
False
Is 2333184433 a composite number?
False
Is 24744601811 a prime number?
True
Is 721101259 composite?
False
Is 252359099159 a prime number?
True
Is 22496194379 prime?
True
Is 59560993 a prime number?
True
Is 242772859 a prime number?
False
Is 67927001 a composite number?
True
Is 3426132533 prime?
False
Is 1891273159 a prime number?
True
Is 4768986379 prime?
True
Is 75269774 a prime number?
False
Is 1297488271 a composite number?
False
Is 34587971117 a composite number?
True
Is 111973183117 composite?
True
Is 790109987 a prime number?
True
Is 1438569469 a prime number?
True
Is 1087160479 composite?
False
Is 232777713505 composite?
True
Is 20504215931 a composite number?
True
Is 181903411 a composite number?
True
Is 3995218133 composite?
True
Is 66617039 a composite number?
True
Is 663997931 composite?
False
Is 606245243 prime?
True
Is 59503240871 composite?
True
Is 3970127969 a composite number?
False
Is 74329254193 composite?
False
Is 122789749 composite?
False
Is 1440031013 prime?
True
Is 145380980543 prime?
False
Is 1621611287 prime?
True
Is 485193677 prime?
False
Is 3467951233 a composite number?
False
Is 67104441419 composite?
True
Is 23441132177 composite?
False
Is 2776800709 prime?
False
Is 70739093 a prime number?
False
Is 66775448429 prime?
False
Is 9863371487 prime?
True
Is 223685509 composite?
False
Is 1676894231 composite?
True
Is 13347257941 composite?
False
Is 115595177 a composite number?
False
Is 8834985557 a prime number?
True
Is 199359005587 a composite number?
True
Is 1270657201 prime?
False
Is 5095572473 a prime number?
True
Is 10959694037 prime?
True
Is 675466361 a prime number?
True
Is 1497312703 a composite number?
False
Is 33329568487 composite?
True
Is 20237421887 a composite number?
True
Is 468895051 a composite number?
False
Is 33702211013 prime?
False
Is 217234601 prime?
True
Is 3214788743 composite?
False
Is 768262559 composite?
True
Is 4379789473 composite?
True
Is 1248872069 a prime number?
False
Is 13992928177 prime?
True
Is 28038809 a prime number?
True
Is 21450243865 a composite number?
True
Is 107797926513 a composite number?
True
Is 126264104963 prime?
True
Is 374587501 a composite number?
False
Is 12174591859 prime?
True
Is 1118558501 a composite number?
True
Is 15419906719 a composite number?
True
Is 8953607053 a prime number?
True
Is 33560233453 a prime number?
True
Is 1716311659 composite?
False
Is 328002569 a prime number?
True
Is 9103293679 a composite number?
False
Is 9831734761 a prime number?
False
Is 21857408149 a prime number?
False
Is 31938786977 prime?
True
Is 52812414299 composite?
False
Is 4693324001 prime?
True
Is 10343278117 prime?
False
Is 4937525677 a prime number?
False
Is 6686588289 prime?
False
Is 80562455471 a composite number?
True
Is 3347704133 prime?
True
Is 21230279845 a prime number?
False
Is 1090552961 a prime number?
True
Is 927395753761 composite?
False
Is 146728121 prime?
True
Is 83529892267 composite?
False
Is 39615910681 prime?
True
Is 183413059 prime?
True
Is 37631272541 a prime number?
False
Is 652521881 composite?
True
Is 7309805779 composite?
True
Is 17794969 a composite number?
False
Is 1333067917 composite?
False
Is 132743611681 prime?
True
Is 94212701267 a composite number?
True
Is 323402495093 a composite number?
False
Is 10029583847 prime?
False
Is 466202567 a composite number?
True
Is 11343403631 a prime number?
False
Is 691249781 composite?
True
Is 2754844621 a prime number?
True
Is 257981267 prime?
False
Is 2121290933 prime?
True
Is 1424240899 a composite number?
False
Is 220104109 a prime number?
False
Is 4546274773 a composite number?
False
Is 16314441223 prime?
False
Is 52783757 prime?
False
Is 4547379667 a composite number?
False
Is 68138748311 a composite number?
False
Is 234326477597 a prime number?
False
Is 23055245483 a prime number?
False
Is 129202490047 composite?
False
Is 152352539 prime?
True
Is 2993985903 a prime number?
False
Is 783857897 composite?
False
Is 2419536481 composite?
True
Is 1223915783 a composite number?
False
Is 768753317 a composite number?
False
Is 717721567 a prime number?
False
Is 788024573 composite?
True
Is 52863873553 a prime number?
True
Is 2040555689 a composite number?
False
Is 14305539769 a composite number?
False
Is 686875373 a prime number?
True
Is 37372453339 composite?
True
Is 8958997151 a prime number?
False
Is 9954204478 a composite number?
True
Is 15053901061 composite?
False
Is 37455411241 a prime number?
False
Is 604095806 prime?
False
Is 69773861497 a prime number?
False
Is 95220823 a composite number?
False
Is 639820513 a prime number?
True
Is 1639389049 prime?
True
Is 21421638121 a prime number?
False
Is 130618693301 prime?
False
Is 1037778743 composite?
True
Is 2585989039 a composite number?
False
Is 49054441 a composite number?
False
Is 80803883 a prime number?
True
Is 3337466579 composite?
False
Is 11455000577 a composite number?
False
Is 929816753 a composite number?
True
Is 5126458429 a prime number?
True
Is 90325164859 a composite number?
True
Is 22147629991 prime?
False
Is 41213357831 composite?
False
Is 10078324411 a prime number?
True
Is 1452267295 a composite number?
True
Is 604277929 a prime number?
True
Is 10330021577 prime?
True
Is 20693854859 a prime number?
False
Is 243422831 prime?
True
Is 1528556993 composite?
False
Is 1341852671 a composite number?
False
Is 36959340477 a composite number?
True
Is 2925590881 prime?
True
Is 2497195091 prime?
True
Is 33492511973 a prime number?
True
Is 22132484503 composite?
True
Is 10283323 a composite number?
True
Is 985672471 composite?
True
Is 715543711 composite?
False
Is 41232043481 a prime number?
True
Is 63012195523 composite?
False
Is 6062464633 prime?
True
Is 291305501 a prime number?
True
Is 5183210743 composite?
False
Is 1539936379 prime?
False
Is 3794030791 a prime number?
True
Is 515434463 prime?
True
Is 29325611509 a composite number?
True
Is 4771658377 prime?
True
Is 507136633 a composite number?
False
Is 41367897803 a composite number?
False
Is 185463349 composite?
True
Is 1247193947 composite?
True
Is 173836721 composite?
False
Is 32836263027 a prime number?
False
Is 43070560707 a composite number?
True
Is 3947194627 a composite number?
False
Is 555375437 a composite number?
True
Is 673963 a composite number?
True
Is 40475960571 a composite number?
True
Is 828645583 a prime number?
False
Is 581183117 prime?
False
Is 855099767 composite?
False
Is 16097614259 a composite number?
True
Is 246435953 composite?
True
Is 2577581173 prime?
False
Is 608875859 prime?
False
Is 205274683 composite?
False
Is 58461160937 a prime number?
True
Is 1485094759 a prime number?
True
Is 464657287 composite?
False
Is 6469754689 a composite number?
False
Is 304641444907 composite?
False
Is 1508354827 composite?
True
Is 114284629 composite?
False
Is 240379978 composite?
True
Is 9898419109 a composite number?
False
Is 4123764391 a prime number?
False
Is 581651615 a prime number?
False
Is 28541827801 a prime number?
True
Is 27568224107 a composite number?
True
Is 289156333 a composite number?
False
Is 497130281 prime?
True
Is 2285184581 prime?
True
Is 5777746391 composite?
False
Is 6703881851 prime?
True
Is 52507683013 prime?
True
Is 48714152689 prime?
True
Is 181842394795 prime?
False
Is 6643229321 prime?
True
Is 54360176999 composite?
True
Is 15973424419 composite?
False
Is 1115163451 prime?
True
Is 82193557 a prime number?
True
Is 18433177573 prime?
True
Is 36304782029 a prime number?
True
Is 131986661671 a prime number?
False
Is 8834921959 a composite number?
False
Is 1947038843 a composite number?
True
Is 41019102161 prime?
True
Is 1298497363 prime?
True
Is 11587326119 a prime number?
True
Is 26116209893 prime?
True
Is 2163124391 prime?
True
Is 526373117 a prime number?
False
Is 7995359401 a prime number?
True
Is 39708715483 composite?
True
Is 48370438541 a prime number?
True
Is 1630346617 prime?
True
